reatest common divisor of 216200 and 7740.
20
Calculate the greatest common divisor of 1948998 and 59346.
942
What is the greatest common divisor of 67845959 and 344?
43
What is the greatest common factor of 89696 and 55712?
32
What is the greatest common divisor of 75295566 and 18?
18
Calculate the highest common factor of 102075 and 7005.
15
What is the highest common divisor of 498527301 and 228?
57
What is the highest common divisor of 12212 and 463798?
86
What is the greatest common divisor of 3324 and 972605724?
3324
Calculate the greatest common factor of 49224 and 2272.
8
Calculate the greatest common divisor of 380 and 392464.
76
What is the highest common factor of 51972 and 39588?
12
Calculate the greatest common factor of 105 and 7545881.
7
What is the greatest common divisor of 5912013 and 268?
67
Calculate the greatest common factor of 150807237 and 57.
57
Calculate the greatest common divisor of 1550 and 10257850.
50
Calculate the greatest common divisor of 84 and 56936460.
84
Calculate the highest common factor of 177279490 and 410.
410
Calculate the highest common divisor of 1746 and 39016926.
18
Calculate the highest common factor of 184 and 13178.
2
What is the highest common factor of 17512 and 16239992?
1592
Calculate the highest common divisor of 16711658 and 22958.
1766
Calculate the greatest common divisor of 42414207 and 22.
11
Calculate the highest common divisor of 763264 and 1594064.
1072
What is the greatest common divisor of 1828565 and 19465?
1145
What is the greatest common factor of 7267148 and 8162?
742
Calculate the greatest common divisor of 1826 and 6766551.
11
Calculate the greatest common factor of 2680 and 121468990.
670
What is the greatest common divisor of 1522 and 33550207?
761
Calculate the highest common factor of 264775 and 16465.
445
Calculate the greatest common factor of 22 and 4300943702.
22
Calculate the highest common divisor of 21743 and 710362.
17
What is the greatest common divisor of 13376 and 1516504?
1672
What is the greatest common factor of 9464056 and 23667?
343
What is the highest common factor of 741941805 and 10?
5
Calculate the greatest common factor of 531 and 24407769.
177
Calculate the greatest common divisor of 1103819 and 26303.
907
Calculate the greatest common factor of 74936 and 4997.
19
Calculate the highest common factor of 69325509 and 66.
33
Calculate the greatest common factor of 1323920 and 151420.
1340
What is the greatest common factor of 309659113 and 8518?
4259
Calculate the greatest common divisor of 20013 and 21693.
21
What is the greatest common factor of 113397792 and 71?
71
Calculate the greatest common divisor of 270 and 7065312.
6
Calculate the highest common divisor of 103528 and 373.
1
What is the highest common factor of 4198810 and 245?
245
What is the highest common factor of 216 and 42044427?
27
Calculate the greatest common divisor of 50190 and 614469.
717
What is the greatest common factor of 33 and 1150599571?
11
Calculate the highest common factor of 24170324 and 5803.
829
Calculate the highest common factor of 37782076 and 1912.
956
What is the greatest common factor of 1100 and 144120?
20
Calculate the highest common factor of 24927 and 532963.
1187
Calculate the highest common factor of 883 and 277.
1
Calculate the greatest common divisor of 248522 and 2504.
626
Calculate the highest common divisor of 69 and 95168756.
23
What is the greatest common divisor of 4959 and 275427819?
4959
What is the greatest common factor of 195230968 and 2608?
1304
Calculate the highest common divisor of 14627 and 1831.
1
Calculate the highest common factor of 42174 and 876708.
1278
Calculate the highest common divisor of 7906 and 16114036.
134
What is the greatest common factor of 30852048 and 16?
16
What is the highest common factor of 40 and 18380840?
40
What is the highest common divisor of 4936500 and 192?
12
Calculate the highest common factor of 81 and 3387069.
27
Calculate the highest common divisor of 5920 and 266030.
370
What is the highest common factor of 22762304 and 27968?
1216
What is the highest common factor of 591464 and 18496?
136
Calculate the greatest common factor of 23528 and 1111006.
346
What is the greatest common divisor of 24784284 and 1995?
399
What is the highest common divisor of 255433 and 109369?
179
What is the greatest common factor of 1364352 and 794903?
323
Calculate the highest common factor of 19968218 and 1246.
178
Calculate the highest common divisor of 103375 and 9458399.
827
Calculate the greatest common factor of 102954060 and 10.
10
What is the greatest common factor of 40690 and 14347840?
130
What is the greatest common factor of 24 and 407017812?
12
Calculate the highest common divisor of 33104 and 35008.
16
What is the highest common divisor of 300 and 707604?
12
Calculate the greatest common divisor of 375171 and 78447.
237
What is the highest common divisor of 243201 and 11137?
259
Calculate the highest common factor of 2987560 and 9310.
190
Calculate the highest common divisor of 34920 and 5256360.
360
What is the greatest common divisor of 64 and 5243456?
64
What is the greatest common divisor of 113425 and 1310725?
325
Calculate the highest common divisor of 960 and 255665920.
320
What is the greatest common factor of 35934 and 6629134?
106
What is the greatest common divisor of 126 and 3693186?
126
Calculate the highest common factor of 20002 and 3669682.
274
What is the highest common factor of 117465930 and 945?
135
Calculate the greatest common factor of 26 and 16032913.
13
Calculate the greatest common divisor of 47208 and 1266.
6
What is the highest common divisor of 148262095 and 25?
5
What is the highest common divisor of 4247100 and 8220?
60
Calculate the highest common divisor of 1072 and 556781256.
536
What is the greatest common factor of 18333 and 5649?
21
What is the highest common divisor of 15795 and 1131845?
65
Calculate the greatest common factor of 6144 and 190140.
12
What is the highest common factor of 25992 and 5370597?
3249
What is the highest common factor of 2922 and 48257804?
974
What is the highest common divisor of 148841 and 186725?
77
Calculate the greatest common factor of 78059268 and 4.
4
Calculate the greatest common factor of 53562 and 137521.
113
What is the greatest common divisor of 935729 and 6749?
397
What is the greatest common divisor of 2930891 and 404433?
4993
Calculate the greatest common divisor of 13265 and 1211.
7
What is the greatest common divisor of 361547 and 143960?
61
What is the greatest common divisor of 7 and 26991839?
7
Calculate the greatest common factor of 444195696 and 126.
42
Calculate the highest common divisor of 447106 and 22.
22
What is the greatest common divisor of 810 and 1379610?
90
What is the highest common divisor of 14102478 and 54288?
234
What is the greatest common divisor of 13336 and 17561845?
1667
What is the greatest common divisor of 75042 and 286066?
22
What is the greatest common divisor of 5350 and 399003?
107
Calculate the greatest common factor of 175226723 and 7.
7
What is the greatest common factor of 132 and 255191244?
132
What is the highest common factor of 20645 and 1015?
5
Calculate the highest common divisor of 16426 and 60738.
382
What is the highest common factor of 90312 and 830616?
1272
Calculate the greatest common factor of 118159371 and 1844.
461
What is the greatest common factor of 623331 and 81?
9
Calculate the highest common factor of 242613 and 201768.
21
What is the greatest common factor of 736440421 and 206?
103
Calculate the greatest common divisor of 6937086 and 3250.
26
Calculate the highest common divisor of 22420 and 3819247.
1121
What is the greatest common divisor of 745846 and 21682?
74
What is the greatest common divisor of 115 and 48982985?
115
What is the greatest common factor of 4746 and 79954?
14
What is the highest common factor of 2124917 and 1551?
47
What is the highest common divisor of 10115 and 257425?
35
Calculate the highest common factor of 20376 and 1403680.
2264
What is the highest common factor of 2667805 and 5?
5
What is the greatest common factor of 8782269 and 147?
3
What is the greatest common factor of 1099908 and 1458?
18
Calculate the highest common divisor of 137 